45/189*1337*(-2)/5. What is the highest common divisor of h and 4?
4
Suppose 0*t = t + t. Suppose 18*o - 23*o + 15 = t, 273 = f - 3*o. What is the greatest common factor of 6 and f?
6
Let y = 0 - 1. Let z be 2/(y + 3/2). Suppose 3*x + 5 = s - z, 19 = 5*s - 2*x. What is the highest common divisor of s and 12?
3
Let s be (-18 + 8)/((-4)/(-14)). Let f be 594/14 + (-6 - 195/s). Let c(l) = 7*l**2. Let m be c(2). Calculate the highest common divisor of f and m.
14
Let g = 547 + -308. Suppose r = 987 - g. What is the highest common factor of 68 and r?
68
Suppose -4*q + 112 + 414 = 5*o, q = -3*o + 142. Calculate the highest common divisor of 7967 and q.
31
Suppose 0 = -13*a - 6 + 19 + 13. Calculate the greatest common factor of a and 454.
2
Let j(v) = 41*v**3 + v**2 + v - 3. Let m be j(2). Suppose m = 10*z - 7*z - 5*q, 0 = 4*z - q - 464. Calculate the highest common divisor of z and 9.
9
Suppose 0 = -364*i - 211*i + 149500. Let z be (-2)/3 - (-394)/6. Calculate the highest common divisor of i and z.
65
Let c be (-2 + 2)/(2 + -4) + 39. What is the highest common divisor of 26 and c?
13
Let l(x) = 42*x + 1204. Let h be l(3). What is the greatest common divisor of 80 and h?
10
Let h(r) = -2*r**2 + 137*r - 823. Let d be h(49). Calculate the greatest common factor of d and 112.
16
Let l be 0 - 0 - -7*11. Let m(n) = -n**2 + 40*n - 245. Let b be m(32). Suppose 0 = b*c - 400 + 37. What is the highest common divisor of l and c?
11
Let y = -128 - -132. Suppose -y*i - 15 = -i, -o + 38 = -3*i. Calculate the highest common divisor of 46 and o.
23
Suppose 2468 = -164*l + 13292. Let t = 128 - -4. What is the highest common divisor of t and l?
66
Let w(l) = 24*l - 3. Let k be (156/(-117))/(4/(-45)). Let y be w(k). Calculate the greatest common divisor of 21 and y.
21
Let j = -201 - -91. Let p = j - -115. Let v be (-3 + 23)/5*p. What is the highest common divisor of v and 70?
10
Let s(a) = 5*a**3 + 49*a**2 - 109*a + 6. Let x be s(2). What is the highest common divisor of x and 1164?
12
Suppose 17*f + 680 = -272. Let m = f - -50. Let l be (-5 + 20)*(-8)/m. Calculate the highest common factor of l and 180.
20
Let h be (77/(-242) - (-12)/(-66))/(2/(-72)). What is the highest common divisor of 164 and h?
2
Let v be (-295)/(-11) + 10/55. Suppose -2*l + 5*x + 5 + 30 = 0, 3*l - 35 = 4*x. Suppose -29 = -l*i + 16. What is the greatest common factor of i and v?
9
Let o be (1/(-3))/1 + 4044/36. Suppose k - 56 = -5*f, -7*k + 5*f = -5*k - o. Suppose -33 = -5*b + 2. Calculate the highest common divisor of k and b.
7
Suppose -11 = -13*v + 2*v. Suppose 2*k = -v - 9, -36 = -2*o + 4*k. Let h = o + 12. What is the highest common divisor of h and 50?
10
Suppose 2*d - 45 + 9 = 0. Let u = 53677 - 53668. Calculate the highest common factor of d and u.
9
Suppose 3*h - 3 = 4*b, b + h = -2*h + 18. Let d be 38*3/b + 4 + -4. Let y be (-1)/((4/380)/(-1)). Calculate the greatest common factor of y and d.
19
Let p be (-1)/((-1)/39) + -2. Let f = p + -10. Suppose f*x + 112 = 31*x. Calculate the highest common factor of 112 and x.
28
Suppose 27*j - 42637 - 187775 = -51*j. Calculate the greatest common divisor of 70 and j.
14
Let t(h) = 4*h**3 + 27*h**2 - 23*h + 28. Let a be t(10). Calculate the highest common divisor of 90 and a.
18
Suppose -3*l - 2*l = -70. Let h be (21/12)/((-155)/(-3720)). What is the greatest common factor of h and l?
14
Let r = 800 - -1685. What is the greatest common divisor of 70 and r?
35
Let h be (-46 - -68)*(-90)/((-9)/3). Calculate the highest common factor of h and 66.
66
Suppose -206*z = -150*z - 13776. What is the highest common factor of z and 328?
82
Let z be (-4)/(5 - (-1124)/(-224)). Let x(a) = a**3 + 9*a**2 + 10*a - 8. Let i be x(-4). Calculate the greatest common factor of z and i.
32
Let l be (-6)/14 + -5735*(-242)/770. Calculate the greatest common divisor of 85 and l.
17
Let u be (88/154)/(2 + (-36)/21). Let x(m) = 28*m**3 - 3*m + 2. Let f be x(u). Calculate the highest common divisor of 66 and f.
22
Let f be (8/(-10))/(1 + 23/(-25)). Let a be (f/7)/(((-15)/42)/5). Suppose 5*b - 11 = 39. Calculate the highest common factor of b and a.
10
Suppose -7*p + 4645 = -2*p. Let z = -604 + p. Calculate the highest common factor of 130 and z.
65
Let g = -17316 - -17370. What is the greatest common factor of 1548 and g?
18
Suppose -4*m = 2*w - 7*m - 164, 5*m + 324 = 4*w. What is the highest common divisor of 7676 and w?
76
Suppose 29 - 6 = j + 4*y, -3*j - y = -25. Let m(o) = -o**3 + 9*o**2 - 11*o + 60. Let d be m(j). Calculate the greatest common factor of d and 36.
9
Suppose -467*r + 40692 = -464*r. What is the greatest common factor of r and 4?
4
Suppose -142*b - 32805 = 136*b - 305*b. What is the highest common factor of 20 and b?
5
Suppose 2*d = 4*k - 2*d - 156, 4*d + 192 = 5*k. Suppose 1260 = -g + 8*g. What is the greatest common factor of k and g?
36
Let p = 2479 + -1804. Calculate the greatest common divisor of 540 and p.
135
Suppose 12*p + 22*p - 33048 = 0. What is the highest common divisor of p and 180?
36
Let m(t) = 12*t**2 - 7. Let k be m(-3). Suppose -3*i + k = -19. Calculate the greatest common divisor of i and 70.
10
Let i = -70 + 112. Suppose i = q + 5*f, -4*q + f + 16 = -47. Suppose 3*m - 453 = -3*w, 2*m + 5*w = 161 + 135. What is the greatest common factor of m and q?
17
Let d = -97 - -124. Suppose 0 = 5*r + u - 225, -r + 24 = -u - d. Calculate the highest common factor of 207 and r.
23
Let k(b) = b**3 - 9*b**2 + 30*b + 33. Let w be k(6). Calculate the highest common factor of w and 6.
3
Let x be (18/(-10))/(3/(-8 + -27 + 10)). What is the greatest common divisor of x and 55?
5
Suppose 5*p - 4775 = -2415. Calculate the greatest common divisor of 72 and p.
8
Let q be (-6846)/(-15) + (-4)/10. Let k(y) = -4*y**3 + 132*y**2 + 4*y - 108. Let c be k(33). Calculate the greatest common divisor of q and c.
24
Suppose -2*h + h + 187 = 0. Let g(c) = 37*c + 85. Let d be g(-2). Calculate the highest common divisor of d and h.
11
Let a(y) = -y**3 + 7*y**2 + 3*y. Let s be a(7). Suppose 3*d - 33*j - 110 = -34*j, -j - 65 = -2*d. Calculate the highest common divisor of d and s.
7
Let v(l) be the first derivative of 23*l**2/2 + 14*l + 1. Let u be (1 + -8)*(207/(-21) + 9). Let s be v(u). What is the greatest common factor of s and 19?
19
Suppose -317 = -4*u - g, 4*u + 2304 = 5*g + 2591. Let k be ((-52)/(-3))/((-2)/(-39)). Calculate the greatest common factor of k and u.
26
Let t = -11547 + 23427. Calculate the greatest common factor of t and 180.
180
Let j(d) be the first derivative of 1/3*d**3 + 8*d**2 - 33 - 9*d. Let t be j(-19). What is the greatest common factor of t and 16?
16
Let k(l) = l**3 + 45*l**2 + l + 99. Let d be k(-45). What is the greatest common divisor of 18 and d?
18
Let o be 2/4*-6 - (-6284)/4. What is the greatest common factor of 96 and o?
32
Let m(k) = 21*k - 23 - 3*k - 31*k**3 - 15*k**2 + 32*k**3. Let c be m(14). What is the greatest common factor of 77 and c?
11
Let y = 230 + -96. Let f = -130 + y. Calculate the highest common factor of 4 and f.
4
Suppose -30*u = -12*u + 39*u - 513. What is the highest common factor of 63 and u?
9
Suppose 0 = 8*z + z - 3600. What is the greatest common factor of z and 25?
25
Let y be 0 + (-58)/((12/10)/(-3)). Suppose -q + 20 = -96. What is the highest common factor of y and q?
29
Let f be 220/(-15)*9/3. Let o = 94 - 129. Let j = o - f. Calculate the greatest common factor of 45 and j.
9
Suppose 0*f = f + 2. Let s be f/(-4)*5*32. Let d(m) = m**2 + 4*m - 341. Let j be d(17). What is the highest common divisor of s and j?
16
Let l = -13466 - -13976. What is the greatest common divisor of l and 4386?
102
Suppose 3*l - 5*g + 593 + 377 = 0, -3*l + g - 950 = 0. Let j be ((-14)/(-21))/(5/(l/(-2))). Let s = 342 + -174. Calculate the highest common divisor of s and j.
21
Let n(b) = 2*b**3 - 9*b**2 - 5*b - 9. Let h be ((-6)/8)/((-30)/320). Let d be n(h). What is the greatest common factor of 42 and d?
21
Suppose -6*y + 2*y - 5*n + 26 = 0, -2*y = 5*n - 18. Suppose y*u + 4 = 5*z + 14, -3*u + 21 = 3*z. What is the highest common factor of 145 and u?
5
Let t(r) = r**2 + 4*r + 7. Let v be t(-3). Let p = 217 - 149. Calculate the highest common factor of p and v.
4
Suppose -11933 = -43*x + 7*x + 39979. What is the highest common f